 (12/(-14))/((-136)/(-14) + -10). Suppose -2*p = s*a - 289, -2*p = a - 95 - 192. What is the highest common divisor of p and 52?
13
Let j = -93 + 96. Suppose 4 = g + j*d, -d + 3*d = 4*g - 16. Calculate the greatest common divisor of 28 and g.
4
Let i(r) = -157*r**3 - 3*r**2 + 2. Let s be i(-1). Let v = s + 19. Calculate the highest common factor of v and 35.
35
Suppose 113 - 73 = 8*a. Suppose 4*r - 50 = -4*f + 14, 0 = a*f + 2*r - 65. Calculate the highest common factor of f and 22.
11
Let h = 6959 - 6943. Calculate the highest common factor of h and 5744.
16
Suppose 0 = -126*z + 60272 + 47458. Calculate the highest common divisor of 114 and z.
57
Suppose 5*h - 5*a + 960 = 0, 83 = 3*h - 5*a + 659. Let f be (-144)/h - (5391/(-12) - 0). Let d be (6/4)/(6/200). What is the highest common factor of f and d?
50
Suppose 0 = 6*a - 7*a + 15. Suppose 0 = 8*u - 103 + a. Let s(v) = -v**2 + 7*v - 1. Let g be s(4). Calculate the highest common divisor of g and u.
11
Suppose 4*s - 2*g - 3346 = 0, 113*s + 4177 = 118*s + 3*g. Calculate the highest common divisor of 380 and s.
76
Suppose 20*m + 3402 = 47*m. Calculate the greatest common factor of 6678 and m.
126
Let r be -7 - (2 + -5) - -940. Suppose -21*g = 18*g - r. What is the highest common divisor of g and 32?
8
Let i be 162/(-297) + 760/22. What is the highest common divisor of 412 and i?
2
Let d(p) = p**3 + 17*p**2 - 15*p + 61. Let t be d(-19). Let n = -372 - t. Let s be 13 - (2 + -2 + -3). Calculate the highest common divisor of n and s.
4
Suppose 2*w - 4*g - 504 = 0, -5*w - g + 5*g + 1284 = 0. Suppose -2*j + 98 = 4*a, a + 28 = j - 6. What is the greatest common factor of j and w?
13
Suppose -5*i - 38 = -43. Let d be 20*i - (-31 + 27). What is the greatest common divisor of 6 and d?
6
Let z = -191 - -316. Let j(v) = -138*v - 9088. Let q be j(-66). Calculate the greatest common factor of q and z.
5
Let h be (72/(-54))/((-2)/(-132)). Let j be 603/12*h/(-66). Calculate the greatest common factor of j and 67.
67
Let q = -7034 - -7054. What is the greatest common divisor of 132 and q?
4
Suppose -3*x = -13 + 1. Suppose -2*l + 260 = x*s, 3*s = 4*s + 3. Let w be (-63)/(-36)*20 + -1. Calculate the greatest common divisor of w and l.
34
Let t = 117 + -115. Suppose -a - 145 = -6*a + 5*l, a - 14 = -t*l. Calculate the greatest common factor of a and 16.
8
Let i = -838 - -841. Calculate the highest common divisor of 288 and i.
3
Suppose 4*f + 2*a + 4 = 0, -f - 15*a = -12*a + 6. Let n = 4 + 0. Suppose f = h + 3*z - 54, 2 = -2*z - n. What is the highest common factor of h and 21?
21
Let z = 14582 + -14318. What is the greatest common factor of 744 and z?
24
Let m(s) = -9*s + 37*s - 24 - 10*s - 15*s. Let n be m(10). Calculate the highest common divisor of n and 174.
6
Let w = 16 - 13. Suppose -w*r + 53 = 5*h, 32 = 3*r - 3*h + 11. What is the highest common factor of 187 and r?
11
Suppose -15*v = 4*v - 296 - 274. Calculate the greatest common factor of v and 555.
15
Let h(w) = -w**3 - 6*w**2 + 12*w + 12. Let p be h(-8). Let m = -3651 + 3662. What is the highest common divisor of p and m?
11
Let s(a) = a**3 + 2*a**2 + a - 4. Let j be s(0). Let o be (-26)/j*(82 - 18). What is the highest common factor of 52 and o?
52
Let d(r) = 16*r + 724. Let f be d(-45). What is the greatest common factor of 62 and f?
2
Suppose 0 = -3*t - f + 3*f + 10, 0 = 4*t - 3*f - 13. Suppose 4*r + t = 8*r, -4*n - r + 349 = 0. Calculate the highest common factor of n and 116.
29
Let t(x) = 6*x - 84. Let d be t(15). Suppose -7*k + 312 = d*k. What is the highest common factor of k and 30?
6
Suppose -14*r + 3573 = 2873. What is the greatest common factor of r and 18050?
50
Let h = 131 - 111. Suppose h*n - 49 = 191. What is the greatest common factor of 20 and n?
4
Let t be (348/(-10))/(((-378)/300)/63). Calculate the highest common divisor of t and 180.
60
Let x = 12072 + -11720. Calculate the highest common factor of 473 and x.
11
Let p be 3/((-6)/(-7)*84/192). Suppose -4*j = -4*l + p, 4*j - 28 + 9 = -5*l. Let t be (-9)/6*4/(-6). Calculate the greatest common factor of t and l.
1
Suppose 47*j = -10*j + 11*j + 262154. Calculate the greatest common factor of 973 and j.
139
Suppose -22*a - 31500 = -64*a. What is the greatest common factor of a and 12?
6
Suppose -20056 + 4392 = -84*k - 92*k. Calculate the greatest common factor of k and 4717.
89
Let y be (72/(-54))/(2/(-6)). Suppose -4*x = 2*o - 950, 0*x + y*o + 460 = 2*x. What is the highest common divisor of 59 and x?
59
Let q = -93 + 89. Let a(d) = -4*d**3 + 2*d**2 + 4*d + 3. Let g be a(q). Calculate the greatest common divisor of g and 55.
55
Let c(u) = u**3 - 9*u**2 + 7*u - 6. Let k = -30 - -37. Let f be c(k). Let t be -3 - (0 + 0 + f). Calculate the highest common factor of 4 and t.
4
Let v be 4 + -3 - (-2 - -9). Let l be ((-12)/(-10))/(v/(-320)). Let f(b) = 3*b**2 + 23*b. Let x be f(-8). Calculate the highest common divisor of l and x.
8
Let v be 12026/98 + 78/273. What is the greatest common divisor of v and 3075?
123
Let i(l) = -l - 1. Let n be i(-7). Let c(r) = r**3 - 4*r**2 + 13*r - 13. Let s be c(2). Suppose -15 - 105 = -s*b. What is the highest common factor of b and n?
6
Suppose 2*i + 764 = 6*i. Suppose -i = -4*k + q - 6*q, 5*k - 250 = 5*q. Let y = -19 + k. What is the greatest common factor of y and 75?
15
Let p be 63/8*(-2)/(-3)*4592/574. Calculate the highest common divisor of 1086 and p.
6
Let i be (-6)/4 - (-6 - (-9369)/(-6)). Suppose i = 30*l - 24*l. Calculate the highest common divisor of l and 29.
29
Suppose 4*u + 320*m - 162971 = 321*m, 0 = -3*u - 5*m + 122211. What is the highest common divisor of 26 and u?
26
Suppose 61 = 5*q + 241. Let m(g) = -g**3 + g**2 + 51*g - 11. Let l be m(7). Let s = q + l. What is the highest common divisor of 48 and s?
16
Suppose 82*m - 3*f + 6101 = 92*m, -5*m + 4*f + 3012 = 0. Calculate the greatest common factor of 1984 and m.
32
Let k(t) = -t**2 - 16*t + 43. Let q be k(-18). Suppose -506 = q*a - 2102. Suppose 24*w - a = 23*w. Calculate the highest common divisor of 12 and w.
12
Let b(u) = 89*u - 847. Let x be b(15). Suppose -3*o - o + 244 = 0. Calculate the highest common factor of o and x.
61
Suppose 363 = 4*d + 55. Let b be (6/7 - (-5)/35) + d. Let c = b - 53. Calculate the greatest common divisor of 10 and c.
5
Let h be (-4)/(-3) + 64/6. Let y be 55 - (h/(-3) - -4). Suppose 4*m - 33*l + 34*l = 86, 5*l + 10 = 0. Calculate the greatest common factor of m and y.
11
Suppose -28*b + 32*b - 72448 = 3*c, 0 = -2*b + 42*c + 36548. What is the highest common factor of 22 and b?
22
Let y(h) be the third derivative of h**5/15 + 13*h**4/24 - 4*h**3/3 + h**2 - 16*h. Let w be y(-4). Calculate the highest common divisor of w and 52.
4
Let b = 4 + -2. Suppose 1 - 82 = 3*w + 3*v, 0 = -w + 2*v - 18. Let a = w + 25. Calculate the greatest common factor of a and b.
1
Let z = 84 - 55. Suppose -41*r + 812 = -37*r. What is the greatest common divisor of z and r?
29
Let a = -11904 + 12258. Calculate the greatest common divisor of 14750 and a.
118
Suppose a = -6*o + 3*o + 15, 3*o - 15 = -3*a. Let i = 685 + -652. Suppose -y = 4*c - i, y + 12 + a = c. Calculate the greatest common factor of 18 and c.
9
Suppose 7*r - 80 = 4. Suppose -q + r*f - 7*f + 35 = 0, -5*q + f = -55. What is the greatest common factor of q and 1570?
10
Let x = 349 - 346. Suppose x*d + m - 5375 = 0, 3*m = -0*m - 3. Calculate the highest common divisor of d and 14.
14
Let r(f) = 2*f - 2. Let w be r(8). Let t = -29 + 51. Let m = -15 + t. Calculate the highest common factor of w and m.
7
Let u(q) = 22*q + 788. Let x be u(-34). What is the highest common divisor of 755 and x?
5
Let x(c) = c - 8. Let a be x(11). Suppose 1056 = 3*t + q, -a*q = q. Suppose 376 + 424 = 25*m. What is the greatest common divisor of t and m?
32
Let i be 12 + (-15)/((-150)/189110). Calculate the greatest common factor of 149 and i.
149
Suppose -190*p + 370901 = -78*p + 94709. Calculate the greatest common divisor of 99 and p.
9
Let b(h) = 4*h - 33. Let c be b(10). Let u be 6/(-5)*(c/(-2) + 1). Suppose l - 5 = u. What is the greatest common divisor of l and 1?
1
Let i be 2/(-12) + 11109/126. Suppose -8*c + 320 = -i. Calculate the highest common factor of 3 and c.
3
Suppose 476 = 40*u - 26*u. Suppose 0 = 6*o - 1995 - 657. Calculate 